
-33202
In base 15, what is -6278 + 4?
-6274
In base 12, what is 202 + -252?
-50
In base 2, what is -1001100001000110 + -11?
-1001100001001001
In base 11, what is -13 + 455?
442
In base 16, what is 61e - 15?
609
In base 7, what is -126063 + -5?
-126101
In base 4, what is 20200 + 301?
21101
In base 15, what is -1b2b - 12?
-1b3d
In base 11, what is 13578 + 2?
1357a
In base 4, what is -121 + -311111?
-311232
In base 11, what is -2 + -2aa59a?
-2aa5a1
In base 6, what is -13012 + -215?
-13231
In base 3, what is 20021100012 - 21?
20021022221
In base 2, what is -1010110111001101001110 - -101?
-1010110111001101001001
In base 11, what is -575 - -77?
-4a9
In base 10, what is 54 + 377?
431
In base 2, what is 1101 + -1100111100011010?
-1100111100001101
In base 6, what is -240122 - 2?
-240124
In base 7, what is -154314 + 33?
-154251
In base 4, what is 1 + 1122210?
1122211
In base 6, what is 5554 - -20?
10014
In base 2, what is 11 + 111000000001011?
111000000001110
In base 5, what is -112 + 312241?
312124
In base 2, what is -1001100 - -10000111111?
1111110011
In base 13, what is -738 - 3a?
-775
In base 15, what is 5 + 7da23?
7da28
In base 14, what is -2 - -bb09?
bb07
In base 8, what is -35 - 134653?
-134710
In base 11, what is -5 + -26054?
-26059
In base 16, what is -12de + dd?
-1201
In base 4, what is 2011210 + 10?
2011220
In base 4, what is -210 + 1110331?
1110121
In base 14, what is -1 - -4950?
494d
In base 16, what is 19 + -7f4?
-7db
In base 2, what is -111100 - -1100111101111?
1100110110011
In base 4, what is -10 - -1000300112?
1000300102
In base 15, what is 63 - -838?
89b
In base 2, what is 111111 + 1010011000?
1011010111
In base 7, what is 21630 + 11?
21641
In base 9, what is 2 + 18856?
18858
In base 11, what is -4609 - -1a?
-459a
In base 6, what is -4 - -322541?
322533
In base 5, what is -240401 + -301?
-241202
In base 16, what is 65 + 415?
47a
In base 7, what is -1331 - -10344?
6013
In base 9, what is 2 + -443052?
-443050
In base 12, what is 5a - a025?
-9b87
In base 2, what is 101 + 110001100001000?
110001100001101
In base 7, what is 23 + -342442?
-342416
In base 12, what is -25aa - 0?
-25aa
In base 13, what is -7 - -21a?
213
In base 5, what is -1321334 - -12?
-1321322
In base 14, what is 1c67c + 3?
1c681
In base 4, what is 1 + -101132210?
-101132203
In base 15, what is 5 - -2070?
2075
In base 8, what is 0 + -27001?
-27001
In base 8, what is 41 - 75426?
-75365
In base 14, what is 4 - -a8a3c?
a8a42
In base 11, what is -214a4 - 3?
-214a7
In base 4, what is 1 - -1210202123?
1210202130
In base 6, what is -443442 - 14?
-443500
In base 6, what is -3254002 - 2?
-3254004
In base 7, what is 3 - 45224?
-45221
In base 12, what is 7823 - -3?
7826
In base 3, what is -112 - 212101?
-212220
In base 15, what is 2 - 5ce5a?
-5ce58
In base 14, what is -1a + -ba7?
-bc3
In base 15, what is 5 - -b37b?
b381
In base 11, what is -3 - 393687?
-39368a
In base 16, what is 2 + 8b8b?
8b8d
In base 6, what is 4 + -1201?
-1153
In base 5, what is -1 - -12142413?
12142412
In base 10, what is 22 - -1884?
1906
In base 15, what is -b697 + -c?
-b6a4
In base 14, what is 10a9 - -503?
15ac
In base 2, what is 1011001001 - -101100011?
10000101100
In base 10, what is 3 - 55301?
-55298
In base 15, what is 5 + 35855?
3585a
In base 5, what is -142 - -21101?
20404
In base 10, what is -5 + -2699?
-2704
In base 14, what is 4 + -81664?
-81660
In base 9, what is -5 - -13302?
13286
In base 6, what is -11 + -405213?
-405224
In base 12, what is -aa08b - -5?
-aa086
In base 11, what is -1837 + 20?
-1817
In base 3, what is -2 + -2112100011222?
-2112100012001
In base 9, what is -102 + 21?
-71
In base 3, what is 122 + 10101101?
10102000
In base 14, what is -21 - -944d?
942c
In base 8, what is -2102 - 2?
-2104
In base 14, what is -3 + 3a4c3c?
3a4c39
In base 11, what is -1383 + -721?
-1aa4
In base 10, what is -30125 + -5?
-30130
In base 3, what is -211 + -1120212?
-1121200
In base 3, what is -2001210122002 - -2?
-2001210122000
In base 3, what is -12110001 + 2002?
-12100222
In base 3, what is -20 + -2012?
-2102
In base 7, what is 1623165 - 6?
1623156
In base 13, what is 2 - -282a?
282c
In base 6, what is 224 - 33522?
-33254
In base 15, what is -3dda7 + 0?
-3dda7
In base 8, what is 3 + -344231?
-344226
In base 15, what is -2 - 85ed?
-8600
In base 15, what is 198a - -9?
1994
In base 13, what is -31872 + -3?
-31875
In base 11, what is 63321 - -21?
63342
In base 7, what is 101465 + 1?
101466
In base 4, what is 2 + -102103012?
-102103010
In base 10, what is -333182 - 5?
-333187
In base 13, what is -48 + -11b8?
-1233
In base 5, what is -1 + -133311140?
-133311141
In base 8, what is 2 - -474056?
474060
In base 2, what is -1111010010 + 111100?
-1110010110
In base 9, what is 581 + -268?
312
In base 8, what is -61 - 11364?
-11445
In base 10, what is 1 - 16015?
-16014
In base 7, what is -106004 - 10?
-106014
In base 12, what is -2 + -376?
-378
In base 11, what is -3 + 169658?
169655
In base 16, what is 1a + -1ef?
-1d5
In base 8, what is 4 - -67747?
67753
In base 3, what is 1201222 - -21100?
2000022
In base 12, what is 8 - -67276?
67282
In base 10, what is 2878 + 26?
2904
In base 14, what is 5 + 1323?
1328
In base 16, what is -f7 - -55?
-a2
In base 2, what is -111110 - 101100000100110?
-101100001100100
In base 12, what is -7 + 48513?
48508
In base 6, what is -11021 - 25?
-11050
In base 10, what is 30 - 5271?
-5241
In base 4, what is 1001 - -303?
1310
In base 9, what is 187 - -418?
616
In base 13, what is -3 + -578cc?
-57902
In base 12, what is -5131 - -7?
-5126
In base 2, what is 11000100 + 101110001110?
110001010010
In base 6, what is 25203020 + 5?
25203025
In base 11, what is -2095 + 16?
-207a
In base 8, what is -1613 + 2621?
1006
In base 10, what is -57 + 127193?
127136
In base 16, what is -12d2 - -2?
-12d0
In base 11, what is 9 - -126a?
1278
In base 6, what is 1533 + -1320?
213
In base 16, what is 2 - 13614?
-13612
In base 3, what is 100010 - 1222?
21011
In base 8, what is 2 - -223302?
223304
In base 5, what is -2 + 1030213?
1030211
In base 7, what is 5 + 3566352?
3566360
In base 7, what is -11 + 6011?
6000
In base 13, what is -c355 + -3?
-c358
In base 4, what is 1011221101 - -2?
1011221103
In base 3, what is -11 + 11020022?
11020011
In base 2, what is -101110 + 1001000001011?
1000111011101
In base 12, what is 7 + 2830?
2837
In base 9, what is -264262 + 1?
-264261
In base 5, what is -20430 - 1344?
-22324
In base 3, what is 12111100102 - -120?
12111100222
In base 2, what is -101011110 + -1011010?
-110111000
In base 12, what is -2 - 13313?
-13315
In base 5, what is 2 + -301130?
-301123
In base 13, what is -2 + 35b?
359
In base 15, what is -236024 + -4?
-236028
In base 10, what is -76890 - 0?
-76890
In base 6, what is -1505 - -5310?
3401
In base 15, what is -4 - 15d2?
-15d6
In base 5, what is -142001 - -1?
-142000
In base 8, what is -104724 - -5?
-104717
In base 11, what is 108 - 15a99?
-15991
In base 6, what is 23 - 434222?
-434155
In base 11, what is 12890 - -2?
12892
In base 12, what is 91 - -6b0?
781
In base 12, what is 1 - 79913?
-79912
In base 6, what is 23143452 + 4?
23143500
In base 13, what is 2 - 2709?
-2707
In base 7, what is 21 - -20303?
20324
In base 13, what is 3 - 3291?
-328b
In base 5, what is -443040 - -212?
-442323
In base 4, what is 1110 - -112230?
120000
In base 15, what is 2 - 12c21?
-12c1e
In base 10, what is -954519 - 3?
-954522
In base 2, what is -1000101110001111010 + 1?
-1000101110001111001
In base 15, what is -2090 - -9?
-2086
In base 7, what is 43 + 12132?
12205
In base 12, what is 1765 + -11?
1754
In base 3, what is -1210 + 10200111?
10121201
In base 13, what is -348 + -10a?
-455
In base 4, what is 322 - 222?
100
In base 6, what is 5 - -12205300?
12205305
In base 5, what is 1112 - -242120?
243232
In base 10, what is -107 - 57?
-164
In base 2, what is 100 + -100101001110010111101?
-100101001110010111001
In base 14, what is -36b0a - 3?
-36b0d
In base 15, what is -2a6 + d02?
a4b
In base 13, what is 12013 - 2?
12011
In base 8, what is -51715 + -22?
-51737
In base 9, what is 120 - 1348?
-1228
In base 3, what is 11 - 1012021000112?
-1012021000101
In base 4, what is 3332213303 + -2?
3332213301
In base 16, what is -9 + -2b0b5?
-2b0be
In base 16, what is 229ba - 2?
229b8
In base 10, what is -686 - 